
11203130266
In base 7, what is -6520 + 2523?
-3664
In base 8, what is -2523 + -3530266?
-3533011
In base 10, what is 2 - 1146481?
-1146479
In base 6, what is -20 - 152112424?
-152112444
In base 8, what is 572543256 - 5?
572543251
In base 10, what is -153275 - 1447?
-154722
In base 12, what is -1929a + 3311?
-15b89
In base 14, what is 28 + -9da55c?
-9da534
In base 4, what is 10233302120 + -103?
10233302011
In base 7, what is 2 + 601454463?
601454465
In base 8, what is -2141 + 5325?
3164
In base 16, what is -b3149db - -1?
-b3149da
In base 9, what is 1437 + -15?
1422
In base 3, what is -112102200110100 - -10?
-112102200110020
In base 5, what is 112304431 + -1123?
112303303
In base 7, what is -452064464 - 1?
-452064465
In base 8, what is -2 + -14101736?
-14101740
In base 3, what is 101100101 - -1110220?
102211021
In base 13, what is -32c6a + 38c?
-328ab
In base 16, what is cc8668 - 2?
cc8666
In base 8, what is -11331 - 12314?
-23645
In base 8, what is 111 - 1261730?
-1261617
In base 15, what is -2d393 - 6?
-2d399
In base 8, what is 14341445 - 14?
14341431
In base 13, what is -315c11c + -5?
-315c124
In base 12, what is -31 - 242418?
-242449
In base 10, what is -4051 - -50?
-4001
In base 6, what is -135 + 3010542?
3010403
In base 9, what is 53 - -302223?
302276
In base 9, what is -23817 + 1077?
-22730
In base 14, what is 65d0275 - 0?
65d0275
In base 7, what is 15 + 212422146?
212422164
In base 13, what is -a367 + -7ba?
-ab54
In base 6, what is 0 - -155101435?
155101435
In base 14, what is 1 + 3d19adbc?
3d19adbd
In base 6, what is 2334043 - -542?
2335025
In base 15, what is -6c + 14d3149?
14d30cc
In base 7, what is -402646 - -2102?
-400544
In base 16, what is -c1f851 + 14?
-c1f83d
In base 12, what is -55658 - -1715?
-53b43
In base 9, what is 55407387 + 4?
55407402
In base 3, what is -1212022 - -10021200202?
10012211110
In base 7, what is 15356365 + -1?
15356364
In base 15, what is -70 + 9c039?
9beb9
In base 5, what is -410442011 + 20?
-410441441
In base 12, what is -472a08aa + -3?
-472a08b1
In base 2, what is -1111111110110011000000010 + 1101?
-1111111110110010111110101
In base 10, what is -790 + -12618?
-13408
In base 14, what is 27c268a + 2?
27c268c
In base 11, what is -48 - -488222?
488185
In base 9, what is -1340 + -21761?
-23211
In base 4, what is 211101000033 + -321?
211100333112
In base 12, what is 20785072 + -2?
20785070
In base 9, what is -125 + 2058878?
2058753
In base 3, what is 22 - -10021112020112?
10021112020211
In base 14, what is -70 + 12642?
125b2
In base 4, what is -1002221020222 - 30?
-1002221020312
In base 12, what is -15b - 88ba07?
-88bb66
In base 2, what is -11001100001 + 11100101?
-10101111100
In base 6, what is 5 + -3254513135?
-3254513130
In base 5, what is -41002400421 + 11?
-41002400410
In base 14, what is -51 + -d2bb74?
-d2bbc5
In base 9, what is -1132 + 102?
-1030
In base 6, what is -14224413 + -2?
-14224415
In base 8, what is 152560 - -674?
153454
In base 8, what is 2 + -14212732?
-14212730
In base 15, what is -6 + 17106?
17100
In base 10, what is 7 - 3619985?
-3619978
In base 15, what is 1446ca + -8?
1446c2
In base 14, what is -27651b + -12?
-27652d
In base 15, what is -1 + -4a50a7?
-4a50a8
In base 2, what is 0 + -1010000111001000000000011001?
-1010000111001000000000011001
In base 6, what is 2 + 33420404?
33420410
In base 6, what is -5 - 11404200532?
-11404200541
In base 6, what is -24255101 - -3342?
-24251315
In base 16, what is -22d5e8 - 80?
-22d668
In base 15, what is -159 - -2682c?
266c3
In base 2, what is 111111000010001011110000 + 11?
111111000010001011110011
In base 3, what is -20000220202011201 + -1?
-20000220202011202
In base 4, what is -10 - 1020313310122?
-1020313310132
In base 13, what is -756 + -945b?
-9bb4
In base 8, what is 201 + -155770?
-155567
In base 3, what is -11110 - 12021121112011?
-12021121200121
In base 16, what is -55a9feb - 1?
-55a9fec
In base 16, what is 1b61739 - 5?
1b61734
In base 12, what is a8b + 4809?
5698
In base 8, what is 5171713 + -256?
5171435
In base 12, what is 4b008 + -10bb?
49b09
In base 5, what is 10 + -140411013324?
-140411013314
In base 4, what is 21112020231 + 10?
21112020301
In base 3, what is 1020020011 + -22200120?
220112121
In base 15, what is -3 - -95103?
95100
In base 14, what is 1 - 382dc16?
-382dc15
In base 4, what is -12333 + -202030?
-221023
In base 16, what is -27b2d4 + -8d?
-27b361
In base 16, what is -79e79b + -14?
-79e7af
In base 4, what is -3322 - -2021110?
2011122
In base 12, what is -13493ba + -4?
-1349402
In base 5, what is -1024104302132 + -1?
-1024104302133
In base 4, what is 1 - 1321132121?
-1321132120
In base 11, what is 1287a9837 + -4?
1287a9833
In base 5, what is -111120101104 - -3?
-111120101101
In base 10, what is -2348696 + -52?
-2348748
In base 5, what is 113411 + -224241?
-110330
In base 9, what is -8050 - -267258?
258208
In base 16, what is -da878 + 25?
-da853
In base 15, what is bec + 61a?
1317
In base 4, what is 11100010331 + -3?
11100010322
In base 4, what is -1000 - -220333012210?
220333011210
In base 8, what is -7151531410 + -2?
-7151531412
In base 11, what is -7569a75 + 17?
-7569a59
In base 14, what is -c44a721 - -5?
-c44a71a
In base 3, what is -10120010212212 + 2122?
-10120010210020
In base 3, what is -1120200 + 2212222200?
2211102000
In base 14, what is -33d8a3 - c?
-33d8b1
In base 15, what is -b49 - 2ee?
-e48
In base 15, what is -4c73e + -ea4?
-4d6e3
In base 10, what is -78950 - -15?
-78935
In base 13, what is -20cb + 352c0?
331c2
In base 7, what is 10000232 - 16?
10000213
In base 10, what is 137308 + -2825?
134483
In base 6, what is 201 - -141010055?
141010300
In base 16, what is 3 - 379f73?
-379f70
In base 6, what is 45 + 12340150?
12340235
In base 11, what is -93529 - 2111?
-9563a
In base 5, what is 23443001 + -41?
23442410
In base 9, what is 1807 + -1117?
680
In base 4, what is -33312221 - -110203?
-33202012
In base 16, what is -512d42 - -10?
-512d32
In base 9, what is 22304 + -8764?
12430
In base 16, what is -34 + -577a6a?
-577a9e
In base 3, what is -11 + -110010221112001100?
-110010221112001111
In base 16, what is -f3 - 22874e?
-228841
In base 6, what is -1553233 - -510?
-1552323
In base 13, what is -1551165 - -2c?
-1551136
In base 9, what is -2 + 152252063?
152252061
In base 14, what is -b5 - 106099?
-106170
In base 7, what is 3162153 + 244?
3162430
In base 2, what is -100 - -1011101111001111000000110010?
1011101111001111000000101110
In base 13, what is -7 - 258cb1?
-258cb8
In base 3, what is -1000012121 - -111010?
-222201111
In base 12, what is 1832bb + -27?
183294
In base 7, what is -3 + 3551501?
3551465
In base 7, what is 3 + -15514166?
-15514163
In base 13, what is -4ac9a592 - 1?
-4ac9a593
In base 4, what is -112 + 323200031221?
323200031103
In base 3, what is -111201 - 210220221220?
-210221110121
In base 11, what is 1a26a7 - -166?
1a2862
In base 3, what is 12 - -1121210220101?
1121210220120
In base 5, what is -1221313330232 + 0?
-1221313330232
In base 2, what is -1011000101 + -101111011000110001?
-101111100011110110
In base 2, what is 10100101000110011100101110001 + -1?
10100101000110011100101110000
In base 12, what is -2a6a3665 + 4?
-2a6a3661
In base 11, what is 12 + -436755?
-436743
In base 16, what is -4fcb3 - d?
-4fcc0
In base 16, what is 5b54 + 17a2?
72f6
In base 10, what is -185846227 - -2?
-185846225
In base 8, what is -6332205 + 15?
-6332170
In base 5, what is 203 - 1134442131?
-1134441423
In base 10, what is 1 + 11699340?
11699341
In base 15, what is -4d78 - -246?
-4b32
In base 14, what is 40ac - 3114?
d98
In base 3, what is 1 - -200212201200010?
200212201200011
In base 12, what is -4 + 6375354?
6375350
In base 6, what is 12500 + 3444?
20344
In base 9, what is 1547645 - 0?
1547645
In base 11, what is -571a11 + 19?
-5719a3
In base 3, what is -102121101000 + 21101?
-102121002122
In base 13, what is 9797 - -144c?
ac16
In base 11, what is 1409 - -61156?
62564
In base 12, what is 28141 + 43?
28184
In base 4, what is 21303301211 + -2?
21303301203
In base 12, what is 74 + 14117b?
141233
In base 14, what is c04 - -26656?
2745a
In base 4, what is 3 + -101010211310?
-101010211301
In base 11, what is 6a008246 + -4?
6a008242
In base 3, what is -1200111202101211 - 2?
-1200111202101220
In base 9, what is -12572 - 11452?
-24